{"id":275,"date":"2018-03-16T10:21:54","date_gmt":"2018-03-16T10:21:54","guid":{"rendered":"http:\/\/ec2-18-196-15-71.eu-central-1.compute.amazonaws.com\/?page_id=275"},"modified":"2022-12-02T09:26:05","modified_gmt":"2022-12-02T08:26:05","slug":"impressum","status":"publish","type":"page","link":"https:\/\/rsi-elektrotechnik.de\/index.php\/impressum\/","title":{"rendered":"Impressum"},"content":{"rendered":"<p>[et_pb_section fb_built=&#8220;1&#8243; _builder_version=&#8220;3.22&#8243;][et_pb_row _builder_version=&#8220;3.25&#8243;][et_pb_column type=&#8220;4_4&#8243; _builder_version=&#8220;3.25&#8243; custom_padding=&#8220;|||&#8220; custom_padding__hover=&#8220;|||&#8220;][et_pb_text _builder_version=&#8220;3.27.4&#8243;][\/et_pb_text][\/et_pb_column][\/et_pb_row][\/et_pb_section][et_pb_section fb_built=&#8220;1&#8243; _builder_version=&#8220;3.22&#8243;][et_pb_row column_structure=&#8220;1_2,1_2&#8243; _builder_version=&#8220;3.25&#8243;][et_pb_column type=&#8220;1_2&#8243; _builder_version=&#8220;3.25&#8243; custom_padding=&#8220;|||&#8220; custom_padding__hover=&#8220;|||&#8220;][et_pb_text _builder_version=&#8220;3.27.4&#8243;]<\/p>\n<h1>Impressum<\/h1>\n<p>[\/et_pb_text][\/et_pb_column][et_pb_column type=&#8220;1_2&#8243; _builder_version=&#8220;3.25&#8243; custom_padding=&#8220;|||&#8220; custom_padding__hover=&#8220;|||&#8220;][et_pb_text _builder_version=&#8220;4.3.2&#8243; text_font=&#8220;||||||||&#8220; text_line_height=&#8220;1em&#8220; hover_enabled=&#8220;0&#8243;]<\/p>\n<p class=\"p1\">R-S-I Elektrotechnik<\/p>\n<p class=\"p1\">GmbH &amp; Co. KG<\/p>\n<p class=\"p1\">Woelkestra\u00dfe 11<\/p>\n<p class=\"p1\">D-85301 Schweitenkirchen<span class=\"Apple-tab-span\"> <\/span><\/p>\n<p class=\"p1\">\n<p class=\"p1\">Vertretungsberechtigter Gesch\u00e4ftsf\u00fchrer:<\/p>\n<p class=\"p1\">Dr. Ing. Michael Sorg<\/p>\n<p class=\"p1\">\n<p class=\"p1\">Telefon:<span class=\"Apple-tab-span\"> <\/span>+49-(0)84 44-92 04 0<\/p>\n<p class=\"p1\">Telefax:<span class=\"Apple-tab-span\"> <\/span>+49-(0)84 44-92 04 50<\/p>\n<p class=\"p1\">E-Mail:<span class=\"Apple-tab-span\"> <\/span>vertrieb@rsi-elektrotechnik.de<\/p>\n<p class=\"p1\">Internet:<span class=\"Apple-tab-span\"> <\/span>www.rsi-elektrotechnik.de<\/p>\n<p class=\"p1\">\n<p class=\"p2\"><span class=\"Apple-tab-span\"> <\/span><\/p>\n<p class=\"p1\">Registergericht: Amtsgericht Ingolstadt<\/p>\n<p class=\"p1\">Registernummer GmbH: HRB 191328<\/p>\n<p class=\"p1\">Registernummer KG: HRA 170363<\/p>\n<p class=\"p1\">Umsatzsteuer-Identifikationsnummer gem\u00e4\u00df \u00a7 27 a<\/p>\n<p class=\"p1\">Umsatzsteuergesetz: DE 128592548<\/p>\n<p>[\/et_pb_text][\/et_pb_column][\/et_pb_row][\/et_pb_section]<\/p>\n","protected":false},"excerpt":{"rendered":"<p>[et_pb_section fb_built=&#8220;1&#8243; _builder_version=&#8220;3.22&#8243;][et_pb_row _builder_version=&#8220;3.25&#8243;][et_pb_column type=&#8220;4_4&#8243; _builder_version=&#8220;3.25&#8243; custom_padding=&#8220;|||&#8220; custom_padding__hover=&#8220;|||&#8220;][et_pb_text _builder_version=&#8220;3.27.4&#8243;][\/et_pb_text][\/et_pb_column][\/et_pb_row][\/et_pb_section][et_pb_section fb_built=&#8220;1&#8243; _builder_version=&#8220;3.22&#8243;][et_pb_row column_structure=&#8220;1_2,1_2&#8243; _builder_version=&#8220;3.25&#8243;][et_pb_column type=&#8220;1_2&#8243; _builder_version=&#8220;3.25&#8243; custom_padding=&#8220;|||&#8220; custom_padding__hover=&#8220;|||&#8220;][et_pb_text _builder_version=&#8220;3.27.4&#8243;] Impressum [\/et_pb_text][\/et_pb_column][et_pb_column type=&#8220;1_2&#8243; _builder_version=&#8220;3.25&#8243; custom_padding=&#8220;|||&#8220; custom_padding__hover=&#8220;|||&#8220;][et_pb_text _builder_version=&#8220;4.3.2&#8243; text_font=&#8220;||||||||&#8220; text_line_height=&#8220;1em&#8220; hover_enabled=&#8220;0&#8243;] R-S-I Elektrotechnik GmbH &amp; Co. KG Woelkestra\u00dfe 11 D-85301 Schweitenkirchen Vertretungsberechtigter Gesch\u00e4ftsf\u00fchrer: Dr. Ing. Michael Sorg Telefon: +49-(0)84 44-92 04 0 Telefax: +49-(0)84 44-92 04 50 E-Mail: [&hellip;]<\/p>\n","protected":false},"author":1,"featured_media":0,"parent":0,"menu_order":0,"comment_status":"closed","ping_status":"closed","template":"","meta":{"_et_pb_use_builder":"on","_et_pb_old_content":"","_et_gb_content_width":""},"_links":{"self":[{"href":"https:\/\/rsi-elektrotechnik.de\/index.php\/wp-json\/wp\/v2\/pages\/275"}],"collection":[{"href":"https:\/\/rsi-elektrotechnik.de\/index.php\/wp-json\/wp\/v2\/pages"}],"about":[{"href":"https:\/\/rsi-elektrotechnik.de\/index.php\/wp-json\/wp\/v2\/types\/page"}],"author":[{"embeddable":true,"href":"https:\/\/rsi-elektrotechnik.de\/index.php\/wp-json\/wp\/v2\/users\/1"}],"replies":[{"embeddable":true,"href":"https:\/\/rsi-elektrotechnik.de\/index.php\/wp-json\/wp\/v2\/comments?post=275"}],"version-history":[{"count":6,"href":"https:\/\/rsi-elektrotechnik.de\/index.php\/wp-json\/wp\/v2\/pages\/275\/revisions"}],"predecessor-version":[{"id":1176,"href":"https:\/\/rsi-elektrotechnik.de\/index.php\/wp-json\/wp\/v2\/pages\/275\/revisions\/1176"}],"wp:attachment":[{"href":"https:\/\/rsi-elektrotechnik.de\/index.php\/wp-json\/wp\/v2\/media?parent=275"}],"curies":[{"name":"wp","href":"https:\/\/api.w.org\/{rel}","templated":true}]}}