{"id":624,"date":"2018-10-09T11:44:48","date_gmt":"2018-10-09T11:44:48","guid":{"rendered":"http:\/\/ec2-18-196-15-71.eu-central-1.compute.amazonaws.com\/?page_id=624"},"modified":"2019-01-08T16:28:23","modified_gmt":"2019-01-08T16:28:23","slug":"datenblatt-informationsanfrage","status":"publish","type":"page","link":"https:\/\/rsi-elektrotechnik.de\/index.php\/datenblatt-informationsanfrage\/","title":{"rendered":"Datenblatt &#8211; Informationsanfrage"},"content":{"rendered":"<p>[et_pb_section bb_built=&#8220;1&#8243; _builder_version=&#8220;3.0.106&#8243;][et_pb_row _builder_version=&#8220;3.0.47&#8243; background_size=&#8220;initial&#8220; background_position=&#8220;top_left&#8220; background_repeat=&#8220;repeat&#8220;][et_pb_column type=&#8220;1_3&#8243;][\/et_pb_column][et_pb_column type=&#8220;2_3&#8243;][\/et_pb_column][\/et_pb_row][et_pb_row _builder_version=&#8220;3.0.106&#8243; background_size=&#8220;initial&#8220; background_position=&#8220;top_left&#8220; background_repeat=&#8220;repeat&#8220;][et_pb_column type=&#8220;4_4&#8243;][et_pb_contact_form captcha=&#8220;off&#8220; email=&#8220;vertrieb@rsi-elektrotechnik.de&#8220; title=&#8220;Datenblatt &#8211; Informationsanfrage&#8220; success_message=&#8220;Vielen Dank f\u00fcr Ihre Anfrage! Wir senden Ihnen die gew\u00fcnschten Informationen in K\u00fcrze zu!&#8220; submit_button_text=&#8220;Anfrage senden&#8220; module_id=&#8220;et_pb_contact_form_0&#8243; _builder_version=&#8220;3.0.106&#8243; saved_tabs=&#8220;all&#8220; use_redirect=&#8220;off&#8220; custom_button=&#8220;off&#8220; button_icon_placement=&#8220;right&#8220;][et_pb_contact_field field_id=&#8220;Name&#8220; field_title=&#8220;Name&#8220; _builder_version=&#8220;3.0.106&#8243;][\/et_pb_contact_field][et_pb_contact_field field_id=&#8220;Email&#8220; field_title=&#8220;Email Address&#8220; field_type=&#8220;email&#8220; _builder_version=&#8220;3.0.106&#8243;][\/et_pb_contact_field][et_pb_contact_field field_id=&#8220;Telefon&#8220; field_title=&#8220;Telefonnummer&#8220; required_mark=&#8220;off&#8220; fullwidth_field=&#8220;on&#8220; _builder_version=&#8220;3.0.106&#8243;][\/et_pb_contact_field][et_pb_contact_field field_id=&#8220;Message&#8220; field_title=&#8220;Bitte senden Sie mir Informationen zu folgenden Themen.&#8220; field_type=&#8220;text&#8220; required_mark=&#8220;off&#8220; fullwidth_field=&#8220;on&#8220; _builder_version=&#8220;3.0.106&#8243;][\/et_pb_contact_field][et_pb_contact_field field_id=&#8220;Themenauswahl&#8220; field_title=&#8220;Informationen zu: &#8220; field_type=&#8220;checkbox&#8220; checkbox_options=&#8220;%91{%22value%22:%22air|Touch Steuerungsfamilie Druckluft%22,%22checked%22:0,%22dragID%22:0},{%22value%22:%22air|start%22,%22checked%22:0,%22dragID%22:1},{%22value%22:%22air|Touch 4%22,%22checked%22:0,%22dragID%22:2},{%22value%22:%22air|Touch 7%22,%22checked%22:0,%22dragID%22:3},{%22value%22:%22air|Touch 8%22,%22checked%22:0,%22dragID%22:4},{%22value%22:%22MK 200 &#8211; modulare I\/O-Erweiterung%22,%22checked%22:0,%22dragID%22:5},{%22value%22:%22KM 200 &#8211; Kommunikationsmodule%22,%22checked%22:0,%22dragID%22:6},{%22value%22:%22kundenspezifische Elektronik%22,%22checked%22:0,%22dragID%22:7},{%22value%22:%22sonstige Anfrage &#8211; Bitte nehmen Sie Kontakt auf.%22,%22checked%22:1,%22dragID%22:8}%93&#8243; fullwidth_field=&#8220;on&#8220; _builder_version=&#8220;3.0.106&#8243;][\/et_pb_contact_field][\/et_pb_contact_form][\/et_pb_column][\/et_pb_row][\/et_pb_section]<\/p>\n","protected":false},"excerpt":{"rendered":"<p>[et_pb_section bb_built=&#8220;1&#8243; _builder_version=&#8220;3.0.106&#8243;][et_pb_row _builder_version=&#8220;3.0.47&#8243; background_size=&#8220;initial&#8220; background_position=&#8220;top_left&#8220; background_repeat=&#8220;repeat&#8220;][et_pb_column type=&#8220;1_3&#8243;][\/et_pb_column][et_pb_column type=&#8220;2_3&#8243;][\/et_pb_column][\/et_pb_row][et_pb_row _builder_version=&#8220;3.0.106&#8243; background_size=&#8220;initial&#8220; background_position=&#8220;top_left&#8220; background_repeat=&#8220;repeat&#8220;][et_pb_column type=&#8220;4_4&#8243;][et_pb_contact_form captcha=&#8220;off&#8220; email=&#8220;vertrieb@rsi-elektrotechnik.de&#8220; title=&#8220;Datenblatt &#8211; Informationsanfrage&#8220; success_message=&#8220;Vielen Dank f\u00fcr Ihre Anfrage! Wir senden Ihnen die gew\u00fcnschten Informationen in K\u00fcrze zu!&#8220; submit_button_text=&#8220;Anfrage senden&#8220; module_id=&#8220;et_pb_contact_form_0&#8243; _builder_version=&#8220;3.0.106&#8243; saved_tabs=&#8220;all&#8220; use_redirect=&#8220;off&#8220; custom_button=&#8220;off&#8220; button_icon_placement=&#8220;right&#8220;][et_pb_contact_field field_id=&#8220;Name&#8220; field_title=&#8220;Name&#8220; _builder_version=&#8220;3.0.106&#8243;][\/et_pb_contact_field][et_pb_contact_field field_id=&#8220;Email&#8220; field_title=&#8220;Email Address&#8220; field_type=&#8220;email&#8220; _builder_version=&#8220;3.0.106&#8243;][\/et_pb_contact_field][et_pb_contact_field field_id=&#8220;Telefon&#8220; field_title=&#8220;Telefonnummer&#8220; required_mark=&#8220;off&#8220; fullwidth_field=&#8220;on&#8220; _builder_version=&#8220;3.0.106&#8243;][\/et_pb_contact_field][et_pb_contact_field field_id=&#8220;Message&#8220; [&hellip;]<\/p>\n","protected":false},"author":1,"featured_media":0,"parent":0,"menu_order":0,"comment_status":"closed","ping_status":"closed","template":"","meta":{"_et_pb_use_builder":"on","_et_pb_old_content":"","_et_gb_content_width":""},"_links":{"self":[{"href":"https:\/\/rsi-elektrotechnik.de\/index.php\/wp-json\/wp\/v2\/pages\/624"}],"collection":[{"href":"https:\/\/rsi-elektrotechnik.de\/index.php\/wp-json\/wp\/v2\/pages"}],"about":[{"href":"https:\/\/rsi-elektrotechnik.de\/index.php\/wp-json\/wp\/v2\/types\/page"}],"author":[{"embeddable":true,"href":"https:\/\/rsi-elektrotechnik.de\/index.php\/wp-json\/wp\/v2\/users\/1"}],"replies":[{"embeddable":true,"href":"https:\/\/rsi-elektrotechnik.de\/index.php\/wp-json\/wp\/v2\/comments?post=624"}],"version-history":[{"count":8,"href":"https:\/\/rsi-elektrotechnik.de\/index.php\/wp-json\/wp\/v2\/pages\/624\/revisions"}],"predecessor-version":[{"id":1046,"href":"https:\/\/rsi-elektrotechnik.de\/index.php\/wp-json\/wp\/v2\/pages\/624\/revisions\/1046"}],"wp:attachment":[{"href":"https:\/\/rsi-elektrotechnik.de\/index.php\/wp-json\/wp\/v2\/media?parent=624"}],"curies":[{"name":"wp","href":"https:\/\/api.w.org\/{rel}","templated":true}]}}